 by s?
6
Suppose -11*a + 3*a + 328 = 0. Suppose -54*q + a*q + 1963 = 0. Calculate the remainder when q is divided by 7.
4
Let g = 3191 + -3154. Let q(j) = 3*j**2 + 32*j - 21. What is the remainder when q(-16) is divided by g?
13
Suppose -1264*z = -623*z - 628*z - 494. What is the remainder when 1048 is divided by z?
22
Let h(i) = 2*i**2 + 12*i - 48. Let v(b) = b - 7. Let w be v(11). What is the remainder when h(w) is divided by 11?
10
Suppose 7080 = 213*y - 2079. What is the remainder when 4164 is divided by y?
36
Let h(w) = -w**2 - 8*w + 3. What is the remainder when 628 is divided by h(-2)?
13
Let h(k) = 14*k - 15. Let x = 292 + -212. Calculate the remainder when h(5) is divided by (0 + -1)/((-10)/x).
7
Let q(w) = 26*w + 955. Calculate the remainder when q(-9) is divided by 4.
1
Let v = 6307 - 6242. Calculate the remainder when 251 is divided by v.
56
Let l be (60/(-8))/((-2)/12). Suppose 20*c + l - 185 = 0. Calculate the remainder when 37 is divided by c.
2
Let y = -31 - -62. What is the remainder when ((-625)/15)/(125/(-300)) is divided by y?
7
Let z(j) = -j**2 + j + 154. Let m be z(0). Let w(p) = 8*p**2 - 17*p + 50. Let k be w(5). Suppose -k - m = -11*c. What is the remainder when 46 is divided by c?
17
Suppose -119 - 539 = -2*o. Let t(v) = 21*v + 780. What is the remainder when o is divided by t(-34)?
65
Suppose 0 = -3*g + 3*k + 798, -2*g = 3*k - 206 - 341. Calculate the remainder when g is divided by 69.
62
Let t = -762 - -757. Suppose 0 = 5*z - 0*z - 30. Calculate the remainder when 95 is divided by (t - -5 - 55)*z/(-10).
29
Let h = 634 - 60. Let t = 721 - h. Calculate the remainder when t is divided by 28.
7
Suppose 2*r - 3*x = 70 + 512, 2*r + 2*x - 562 = 0. Calculate the remainder when r is divided by 58.
53
Let j(k) be the first derivative of 2*k**3/3 - 11*k**2 + 14*k - 79. Calculate the remainder when 54 is divided by j(11).
12
Suppose -a + 3*x - 238 = 434, 3*a = -2*x - 1961. Let t = -647 - a. What is the remainder when 229 is divided by t?
9
Let o = -25 + 169. Suppose -162 = -6*r + o. Suppose -4*n + n + r = 0. Calculate the remainder when 48 is divided by n.
14
Let u(k) be the first derivative of 11*k**2/2 - 7*k - 3. Suppose -2*i = i - 39. Calculate the remainder when u(4) is divided by i.
11
Let m = -140 + 142. Suppose m*j - 51 = s, -125 = 11*j - 16*j + 3*s. Calculate the remainder when 100 is divided by j.
16
Let w be (-77)/21 - -2 - (-2)/3. Let u(h) = 2*h**2 + 3*h + 3. Calculate the remainder when ((-18)/(-6) - -16)/(w/(-2)) is divided by u(-2).
3
Suppose -173*m + 2382 = -167*m. Let y = m - 344. What is the remainder when y is divided by 28?
25
Let u(i) = -2*i**2 - 18*i - 9. Let f be u(-8). Suppose y - f*y = 2*y. Suppose -11*z - 3*z + 2072 = y. Calculate the remainder when z is divided by 25.
23
Let o be -10 - 1*(-24)/6. Calculate the remainder when 20 is divided by o/8 - 78/(-8).
2
Let m = 6255 + -3033. Suppose -134*y + m = -116*y. Calculate the remainder when y is divided by (-2 - (-19)/2)*6.
44
Let k(a) = -a**3 + 7*a**2 - 4*a + 7. Let i(h) = -h**2 + 21*h - 25. Let y be i(17). Suppose -5*m - 13 + y = 0. What is the remainder when 72 is divided by k(m)?
15
Let v(g) = -g**3 + 10*g**2 + 93*g - 721. Calculate the remainder when v(9) is divided by 141.
56
Let s(q) = 33*q**2 - 2*q - 23. Let f be s(-4). Let j = f - 496. Suppose 2 = y - 6. Calculate the remainder when j is divided by y.
1
Let g = 717 + -589. Let i(l) = -l**3 + 19*l**2 + 28*l - 15. Let k be i(20). Let w = -101 + k. What is the remainder when g is divided by w?
40
Let s(p) = 8*p + 30. Let z be s(6). Suppose 9*d - z = -6. What is the remainder when 55 is divided by d?
7
Let i(h) = -5*h - 58. Let j(z) = 16*z + 173. Let d(y) = -7*i(y) - 2*j(y). Let t(n) = n**2 - n + 23. What is the remainder when t(0) is divided by d(-18)?
5
Let r be (-1372)/(-12) + 5 + 4/(-12). Let t = r + -83. Calculate the remainder when t is divided by 29.
7
Suppose 5121 - 2950 = 167*i. Suppose 4*b - 25 = 7. What is the remainder when i is divided by b?
5
Let o(l) = -4*l**3 + 5*l**2 - 12*l - 41. What is the remainder when o(-3) is divided by 38?
34
Let u = 6120 + -5416. Calculate the remainder when 713 is divided by u.
9
Suppose -312*u + 296*u + 7200 = 0. Calculate the remainder when u is divided by 109.
14
Let p(d) = 2*d**3 + 30*d**2 + 25*d + 426. Suppose -2*m = 3*g - 20, -4*m + 0*g + 2*g = -72. What is the remainder when p(-15) is divided by m?
3
Suppose -4*q = -20*z + 25*z - 572, 2*z - 212 = 4*q. What is the remainder when z is divided by 48?
16
Suppose -2*f + 362 = -7*d + 5*d, 5*f + 535 = -3*d. Calculate the remainder when 3 + -8 + (-1)/(3/d) is divided by 36.
19
Suppose -435 = -5*o - 4*t, o - 2*t - 129 + 28 = 0. Calculate the remainder when 1447 is divided by o.
82
Suppose -743*j + 8571512 = -30526634. Calculate the remainder when j is divided by 26.
24
Let r(z) = -70*z + 879. Calculate the remainder when 111 is divided by r(11).
2
Let y(m) = 5 + 2*m**2 + 2*m**3 - 3*m - 1 - 2. Let w be -10 - 91/7*-1. What is the remainder when y(w) is divided by 17?
14
Let i be 117/2*2/3. Let x = i + -37. Suppose 0 = x*a + 3*n - 26, 3*n = 5*n. Calculate the remainder when a is divided by 6.
1
Suppose 0 = 23*x - 24*x + 26. Let c = -135 - -228. What is the remainder when c is divided by x?
15
Let s(k) = -135*k**3 + 11*k**2 + 23*k - 10. Calculate the remainder when s(-2) is divided by 211.
13
Calculate the remainder when (-14 + (-150)/45)/(8/(-636)) is divided by 16.
2
Suppose 3*p = 66 - 6. Suppose 22 = 2*c + 2*g, -5*g = -2*c + 70 - p. Let b(n) = 107*n - 797. What is the remainder when b(8) is divided by c?
14
Let g = -19 - -33. Suppose 0 = a - 58 + g. What is the remainder when 38/152*4/3*654 is divided by a?
42
Let b be (0/2)/(18/9). Suppose b + 20 = -5*z + 5*l, -47 = 3*z + 4*l. Let w(i) = 2*i + 33. What is the remainder when w(z) is divided by 11?
4
Let m be (3 - 23/4)*-4. Let v(b) be the third derivative of -b**4/24 + 13*b**3/3 + 108*b**2 - 2*b. Calculate the remainder when 26 is divided by v(m).
11
Let j = 4018 + -3557. Calculate the remainder when j is divided by 75.
11
Suppose -656 = -8*h + 7*h - j, -h - 8*j + 628 = 0. What is the remainder when h is divided by 8?
4
Let c(y) = 17*y**2 + 4*y + 2. Let f be c(-2). Let i = 88 - f. Calculate the remainder when 154/3 + (-3)/9 is divided by i.
25
Let y be 10104/(-60)*5*(-1)/2. Suppose -3*o - 533 = -8*o + 3*d, y = 4*o + 3*d. What is the remainder when o is divided by 14?
8
Let b = -1727 + 1731. What is the remainder when 47 is divided by b?
3
Suppose -41*t = -1382 - 422. Let r(k) = -k**3 + 2*k**2 + 3*k. Let v be r(3). Let n(b) = -b + 86. Calculate the remainder when n(v) is divided by t.
42
Suppose -11*c + 4*j = -7*c - 75488, -2*c + 6*j + 37760 = 0. What is the remainder when c is divided by 74?
72
Let r = 486 - 479. Let n(h) = -h**2 + 6*h + 17. What is the remainder when 77 is divided by n(r)?
7
Suppose -2*u - 17 = h - 19, 0 = -3*h - u - 9. What is the remainder when 23 is divided by 18 - 116/(-87)*3/h?
6
Suppose 2381 + 10811 = 194*j. Calculate the remainder when 8226 is divided by j.
66
Let a(f) = -f**2 + 79*f - 771. Calculate the remainder when a(62) is divided by 273.
10
Suppose -163 + 1395 = 14*k. Suppose -2*n - n = -162. Calculate the remainder when n is divided by (-5)/(10/k)*7/(-28).
10
Calculate the remainder when 262960/1903 + (2/2)/((-11)/2) is divided by 103.
35
Let z = -4256 - -4815. What is the remainder when z is divided by 29?
8
Suppose 5 = 5*q, 2*u + 2*u + 5*q = 669. Suppose -2*i + u = 3*a - 0*a, -a - 381 = -5*i. What is the remainder when i is divided by 16?
13
Let k(r) be the second derivative of 7*r**4/2 - r**3/3 - 52*r. What is the remainder when k(-1) is divided by 17?
10
Suppose -5*t + 5 = -115. Calculate the remainder when 248 is divided by 184/10 + t/(-60).
14
Let o(g) = -2*g**2 + 7*g - 1. Let j be o(6). Let x be (303/(-12) - 14) + 6/(-8). Let k = j - x. What is the remainder when 13 is divided by k?
4
Let y(v) be the first derivative of v**4/4 + 7*v**3/3 + 7*v**2/2 - 5*v + 66. What is the remainder when (-214)/(-14) + 4/(-14) is divided by y(-5)?
5
Let k(w) = -59*w + 1820. What is the remainder when 370 is divided by k(29)?
43
Let h(c) = 3*c**3 - 13*c**2 - 3*c + 8. Let z be h(7). Suppose n + 373 - z = 0. What is the remainder when 46 is